ors of p?
13
Suppose -6*v - 17600 = -22*v. List the prime factors of v.
2, 5, 11
Let y = -297 + 1417. What are the prime factors of y?
2, 5, 7
List the prime factors of (0 - -6 - 7)*-375.
3, 5
Let n(b) = -b**3 - 9*b**2 - 10*b - 8. Let f be n(-8). Suppose -60 = 3*a - f*a. List the prime factors of a.
2, 3
What are the prime factors of (-685270)/(-170) - (0 - -11)?
2, 3, 5, 67
Suppose -7 + 19 = 3*o. Suppose -q + 379 + 55 = o*t, -t + 104 = -2*q. What are the prime factors of t?
2, 3
Let r be 4/(-14) + 188/(-28). Let t(b) = b**3 + 7*b**2 - 9*b - 3. List the prime factors of t(r).
2, 3, 5
Suppose a = 4*i + 6*a - 71, -5*i + a = -125. What are the prime factors of (0 - 4) + (i - -17)?
37
Let k be 11/((-693)/(-3978)) - 1/7. Suppose -2*b + 212 = 26. Let i = b - k. What are the prime factors of i?
2, 3, 5
Let d(x) = x**3 + 4*x**2 - 3*x - 6. Let g be d(-4). Suppose s - g*s - 30 = 0. List the prime factors of (7 + s)/((-2)/(-22)).
11
Let k(y) = 2*y**2 + y. Let p be k(1). What are the prime factors of -3*3*p/(-3)?
3
Let s = -93 - -98. Suppose 38 = s*d + x - 5*x, -x = 4*d - 22. What are the prime factors of d?
2, 3
Let j(h) be the third derivative of 0*h + 5*h**2 + 1/24*h**4 + 0 + h**3 - 1/60*h**5. What are the prime factors of j(0)?
2, 3
Suppose 3*k + 2*q - 122 = -304, 0 = k - q + 69. Let d = k + 135. List the prime factors of d.
71
Let c = 97 - 59. Suppose 144 - 576 = -108*t. Suppose t*v - 106 = c. What are the prime factors of v?
2, 3
Suppose 6*l + 1731 = 9033. List the prime factors of l.
1217
Let n be (40/(-12))/(1/33) + -3. What are the prime factors of (1 - n)/((-8)/(96/(-18)))?
2, 19
Let n be 2*(-2 + 1)*-2. Suppose -4*t - 48 = -n*z, 5*z + 2*t + 3 - 77 = 0. List the prime factors of z.
2, 7
Let l = 136 + -116. Suppose -248 = -l*h + 19*h. List the prime factors of h.
2, 31
Suppose 3*u = -2*y + 465, -2*y - 5*u + 459 = -0*y. What are the prime factors of y?
3, 79
Let d = 298 - 201. Suppose x - w - 2*w = d, 0 = -3*x - 5*w + 235. What are the prime factors of x?
5, 17
Let v be 12/10 - (-9)/(-45). Suppose 5*i = v + 19. Suppose -38 = -i*r - 10. List the prime factors of r.
7
Let h = -295 - -633. Let q = h - 173. List the prime factors of q.
3, 5, 11
Suppose 3*c + 3*h = 21, -5*h + 9 = -c - 2. Suppose -334 = -c*o + 3*q, 7*o - 249 = 4*o + 3*q. List the prime factors of o.
5, 17
List the prime factors of -146*9*(55/(-10) + 5).
3, 73
Suppose 5*x = 2*x + 12. Suppose 3*p - 5*h = 51, p + 100 = 5*p + x*h. Suppose -p = -3*k + 98. List the prime factors of k.
2, 5
Let o = -15 + 20. Suppose -3*i - 17 = -4*i + o*v, 2*i = 5*v + 49. What are the prime factors of 1480/i - (-1)/(-4)?
2, 23
Suppose 3*y + 0*y = 3*z - 87, 4*y = 16. Let d = 4 + 1. Suppose 5*k = d*m - z - 27, -4*k + 22 = 3*m. What are the prime factors of m?
2, 5
Suppose -907 = -5*r + 3*r - j, 4*j = 3*r - 1333. What are the prime factors of r?
11, 41
Let q = -211 - -290. List the prime factors of q.
79
Suppose 8*a = 11*a + 174. Let t = 101 + a. What are the prime factors of t?
43
Suppose 2*y = 6*y - 2796. Suppose 8*h = y + 29. What are the prime factors of h?
7, 13
Suppose 2*r + 15 = 25. Suppose 0 = -r*w, 2*w - 122 = -5*h + 3*h. List the prime factors of h.
61
Let h(w) = w**2 - 2*w. Suppose 0 = -4*y + 2*m + 10, -2*y + 8 = 5*m - 3. Let t be h(y). Suppose -c + t = -25. What are the prime factors of c?
2, 7
Suppose 4*x - 132 = x - 2*s, 0 = -5*x + s + 233. Suppose -38 - x = -c + 2*p, -5*p = -20. List the prime factors of c.
2, 23
Let u(w) = 2*w**2 + 2*w - 84. Let l be u(0). Let t = 176 + l. List the prime factors of t.
2, 23
Suppose -3*r = -3*l + l - 16, 2*l = -3*r - 4. Suppose r*i - 82 = 5*u + 65, 0 = -i + 3*u + 71. List the prime factors of i.
2, 43
Suppose -7 = -3*n - 1. Suppose 8 = n*c - 3*c. List the prime factors of (-6)/c - 516/(-16).
3, 11
Suppose i + 0*h - 2*h = -154, 0 = -3*h. What are the prime factors of 5 + -1 - (-4)/((-8)/i)?
3
Let p(o) = 8*o + 51. Let x be p(10). Suppose 3*j - 417 = 3*s, j + 0*s - x = 3*s. What are the prime factors of j?
11, 13
What are the prime factors of 2 + -6 - (3 - 5) - -73?
71
Suppose c - 4 = 2*h - 2, -3*h - 3 = -4*c. Let d be -2*(-3)/9*6. Suppose -3*n - 336 = -5*b - 139, c = d*n - 4. What are the prime factors of b?
2, 5
Let z(t) = -t**2 - 4*t - 26. Let m be z(-8). What are the prime factors of m/203 + 93/7?
13
Suppose -46*r = -50*r + 3036. List the prime factors of 6/(-10) - r/(-15).
2, 5
Let q(p) = p**2 - 10*p - 24. Let l be q(12). Suppose l*y + 224 = 2*y. List the prime factors of y.
2, 7
Let v(k) = 5*k**2 - 44*k + 4. What are the prime factors of v(-12)?
2, 313
Let h(q) = q**3 - 4*q**2 - 3*q + 8. What are the prime factors of h(7)?
2, 67
Let b be (9/6 + (-217)/2)/(-1). Let x = 123 - b. What are the prime factors of x?
2
Let z = -25 - -135. List the prime factors of z.
2, 5, 11
Suppose 5*k + 3*q + 325 = 0, 3*q = k + 23 + 24. Let o = 139 + k. List the prime factors of o.
7, 11
Let f(o) = 2*o**3 - 19*o**2 - 43*o + 15. What are the prime factors of f(13)?
3, 71
Let v(n) = -n**3 - 8*n**2 - 9*n - 10. Let c be v(-7). Let s be -3 + 2 - (c - 7). Suppose -k = -f + s*k + 31, 5*k = 0. List the prime factors of f.
31
Let y = 1 + -17. Let i be -3 - 1*y/2. Let s(l) = -l**3 + 6*l**2 - 3*l - 3. List the prime factors of s(i).
7
Let g = 105 - 102. Suppose -g*h - 85 = -4*h. List the prime factors of h.
5, 17
Let y(v) = v**2 - v. Let d be y(2). Suppose d*q - 194 = 42. List the prime factors of q.
2, 59
Let i(p) = 3*p - 31. Let u be i(9). Let l(w) = -w**3 - 2*w**2 + 3*w - 3. Let o be l(-3). List the prime factors of u + o/((-12)/188).
43
Let b = -17 - -30. Suppose b - 22 = c. Let n(p) = -p**3 - 10*p**2 - 11*p + 3. What are the prime factors of n(c)?
3, 7
Suppose -31 = -2*t + 2*h + 3*h, h = -3*t + 4. Let y be t/(-2 + 3) - 0. Suppose -10 = -5*a, 5*a = -y*n - 37 + 113. List the prime factors of n.
2, 11
Let x = 56 - -19. Let j = -62 + x. What are the prime factors of j?
13
Let t = -73 + 105. Let p be (-45)/(-12)*t/12. List the prime factors of 999/15 - (-4)/p.
67
List the prime factors of (-2583424)/(-864) + (-2)/27.
2, 5, 13, 23
Let l = -32 + 6. List the prime factors of (-906)/l + (-14)/(-91).
5, 7
Let g be ((-4)/10 + (-18)/(-45))/(-1). Suppose -3*l + s + 638 - 75 = 0, g = -4*l + 2*s + 748. What are the prime factors of l?
3, 7
Suppose 1900 = 2*m + 2*m. Suppose 2*y - 4*q + 470 = 0, 2*y + m = -0*q + 5*q. What are the prime factors of 32/10*y/(-10)?
2, 3
Let n = 338 + 80. List the prime factors of n.
2, 11, 19
Suppose -8*f + 3789 = -17827. What are the prime factors of f?
2, 7, 193
List the prime factors of (-4)/(-18) - (-1662936)/1188.
2, 5, 7
List the prime factors of 296 + (5 - 30/6).
2, 37
Suppose 2*o + 5 = 2*j - 1, -5*o - 2*j = -20. Suppose 2*l + 10 = -f - 3*l, 3*f = -4*l + 3. Let a = f + o. List the prime factors of a.
7
Suppose 5*p - 4 = 4*p. Suppose -p*q = -64 - 312. List the prime factors of q.
2, 47
Let h be 100/16 + -1 - (-1)/(-4). Suppose r = -4*w + 4, -h*r - 2*w = -w - 20. List the prime factors of r.
2
List the prime factors of (-40)/540 - (-42016)/54.
2, 389
Let j = 3 - 28. Let x = 100 + j. List the prime factors of x.
3, 5
Let z(c) = c + 5. Let v be z(-4). Let d(i) = -127*i - 1. Let y be d(v). List the prime factors of (-10)/35 - y/7.
2, 3
Let b(k) = -6*k**3 - 14*k**2 - 87*k + 70*k + 5*k**3 - 12. What are the prime factors of b(-13)?
2, 5
Let z = -122 - -122. Suppose 4*v - 800 = -0*v + 4*t, 4*v + 2*t - 818 = z. List the prime factors of v.
7, 29
Suppose 2*k + 26*q = 25*q + 275, -k + 125 = -2*q. List the prime factors of k.
3, 5
Let j = 2 - 22. Let d be (-396)/(-4)*(1 - 0). What are the prime factors of (-8)/j + d/15?
7
Let z = 1252 - 780. What are the prime factors of z?
2, 59
What are the prime factors of 98/(-4)*400/(-140)?
2, 5, 7
Let a(b) = b + 17. Let u = 10 - 9. Let f be 725/45 + u/(-9). What are the prime factors of a(f)?
3, 11
Let f(u) = 194*u + 143. What are the prime factors of f(4)?
919
What are the prime factors of 3 - (148/(-1) - -3)?
2, 37
Let s be 67 + ((-2)/(-4))/((-1)/2). Let a = 41 + s. List the prime factors of a.
107
Suppose -84 = -8*z + 4*z. List the prime factors of (2 - 128/(-6))*z/14.
5, 7
Suppose -3*o = -0*o - b - 42, o + 2*b = 7. Let g = o + -21. Let c = 22 + g. What are the prime factors of c?
2, 7
Let z = -6 - -10. Suppose 0 = -z*d + d - 6, 4*d + 